{"id":10250,"date":"2015-01-01T06:09:13","date_gmt":"2015-01-01T11:09:13","guid":{"rendered":"http:\/\/publication-evangelique.com\/?page_id=10250"},"modified":"2017-08-07T06:15:25","modified_gmt":"2017-08-07T11:15:25","slug":"emission-de-radio-radio-evangelique-2015","status":"publish","type":"page","link":"https:\/\/publication-evangelique.com\/?page_id=10250","title":{"rendered":"\u00c9mission de radio \u00a0\u00bb Radio \u00c9vang\u00e9lique \u00a0\u00bb 2015"},"content":{"rendered":"<p>Vous pourrez \u00e9couter <strong>Daniel Poulin<\/strong> sur les ondes<br \/>\nde la station<strong> CKZW 1650 AM<\/strong> \u00e0 Montr\u00e9al ou sur internet sur <a title= \" CKZW.ca \" href= \" http:\/\/ckzw.ca \" target= \" _blank \" >http:\/\/ckzw.ca<\/a>.<\/p>\n<p>Tous les <strong>vendredi soir 22:30<\/strong><br \/>\net en rediffusion le <strong>samedi \u00e0 12:30<\/strong>.<\/p>\n<p>&nbsp;<\/p>\n<p><strong>Toutes les <strong>archives<\/strong> des \u00e9missions 2015 sont gard\u00e9s dans cette page.<\/strong><\/p>\n<table border= \" 0 \" align= \" center \" >\n<tbody>\n<tr valign= \" top \" >\n<td>&nbsp;<br \/>\n<a title= \" 25 d\u00e9cembre \" href= \" https:\/\/publication-evangelique.com\/?p=11063 \" target= \" _blank \" >18 d\u00e9cembre 2015<\/a><br \/>\n<a title= \" 18 d\u00e9cembre \" href= \" https:\/\/publication-evangelique.com\/?p=11050 \" target= \" _blank \" >18 d\u00e9cembre 2015<\/a><br \/>\n<a title= \" 11 d\u00e9cembre \" href= \" https:\/\/publication-evangelique.com\/?p=11026 \" target= \" _blank \" >11 d\u00e9cembre 2015<\/a><br \/>\n<a title= \" 4 d\u00e9cembre \" href= \" https:\/\/publication-evangelique.com\/?p=11017 \" target= \" _blank \" >4 d\u00e9cembre 2015<\/a><\/p>\n<p><a title= \" 27 novembre \" href= \" https:\/\/publication-evangelique.com\/?p=11004 \" target= \" _blank \" >27 novembre 2015<\/a><br \/>\n<a title= \" 20 novembre \" href= \" https:\/\/publication-evangelique.com\/?p=10995 \" target= \" _blank \" >20 novembre 2015<\/a><br \/>\n<a title= \" 13 novembre \" href= \" https:\/\/publication-evangelique.com\/?p=10984 \" target= \" _blank \" >13 novembre 2015<\/a><br \/>\n<a title= \" 6 novembre \" href= \" https:\/\/publication-evangelique.com\/?p=10962 \" target= \" _blank \" >6 novembre 2015<\/a><\/p>\n<p><a title= \" 30 octobre \" href= \" https:\/\/publication-evangelique.com\/?p=10974 \" target= \" _blank \" >30 octobre 2015<\/a><br \/>\n<a title= \" 23 octobre \" href= \" https:\/\/publication-evangelique.com\/?p=10953 \" target= \" _blank \" >23 octobre 2015<\/a><br \/>\n<a title= \" 16 octobre \" href= \" https:\/\/publication-evangelique.com\/?p=10938 \" target= \" _blank \" >16 octobre 2015<\/a><br \/>\n<a title= \" 9 octobre \" href= \" https:\/\/publication-evangelique.com\/?p=10921 \" target= \" _blank \" >9 octobre 2015<\/a><br \/>\n<a title= \" 2 octobre \" href= \" https:\/\/publication-evangelique.com\/?p=10894 \" target= \" _blank \" >2 octobre 2015<\/a><\/p>\n<p><a title= \" 24 septembre \" href= \" https:\/\/publication-evangelique.com\/?p=10904 \" target= \" _blank \" >24 septembre 2015<\/a><br \/>\n<a title= \" 18 septembre \" href= \" https:\/\/publication-evangelique.com\/?p=10878 \" target= \" _blank \" >18 septembre 2015<\/a><br \/>\n<a title= \" 11 septembre \" href= \" https:\/\/publication-evangelique.com\/?p=10868 \" target= \" _blank \" >11 septembre 2015<\/a><br \/>\n<a title= \" 4 septembre \" href= \" https:\/\/publication-evangelique.com\/?p=10839 \" target= \" _blank \" >4 septembre 2015<\/a><\/p>\n<p><a title= \" 28 ao\u00fbt \" href= \" https:\/\/publication-evangelique.com\/?p=10822 \" target= \" _blank \" >28 ao\u00fbt 2015<\/a><br \/>\n<a title= \" 21 ao\u00fbt \" href= \" https:\/\/publication-evangelique.com\/?p=10808 \" target= \" _blank \" >21 ao\u00fbt 2015<\/a><br \/>\n<a title= \" 14 ao\u00fbt \" href= \" https:\/\/publication-evangelique.com\/?p=10799 \" target= \" _blank \" >14 ao\u00fbt 2015<\/a><br \/>\n<a title= \" 7 ao\u00fbt \" href= \" https:\/\/publication-evangelique.com\/?p=10783 \" target= \" _blank \" >7 ao\u00fbt 2015<\/a><\/p>\n<p><a title= \" 31 juillet \" href= \" https:\/\/publication-evangelique.com\/?p=10772 \" target= \" _blank \" >31 juillet 2015<\/a><br \/>\n<a title= \" 24 juillet \" href= \" https:\/\/publication-evangelique.com\/?p=10754 \" target= \" _blank \" >24 juillet 2015<\/a><br \/>\n<a title= \" 17 juillet \" href= \" https:\/\/publication-evangelique.com\/?p=10741 \" target= \" _blank \" >17 juillet 2015<\/a><br \/>\n<a title= \" 10 juillet \" href= \" https:\/\/publication-evangelique.com\/?p=10726 \" target= \" _blank \" >10 juillet 2015<\/a><br \/>\n<a title= \" 3 juillet \" href= \" https:\/\/publication-evangelique.com\/?p=10713 \" target= \" _blank \" >3 juillet 2015<\/a><br \/>\n<img src= \" images\/spacer.gif \" border= \" 0 \" width= \" 200 \" height= \" 1 \" alt= \" \" ><br \/>\n&nbsp;<\/td>\n<td>&nbsp;<br \/>\n<a title= \" 26 juin \" href= \" https:\/\/publication-evangelique.com\/?p=10701 \" target= \" _blank \" >26 juin 2015<\/a><br \/>\n<a title= \" 19 juin \" href= \" https:\/\/publication-evangelique.com\/?p=10680 \" target= \" _blank \" >19 juin 2015<\/a><br \/>\n<a title= \" 12 juin \" href= \" https:\/\/publication-evangelique.com\/?p=10662 \" target= \" _blank \" >12 juin 2015<\/a><br \/>\n<a title= \" 6 juin \" href= \" https:\/\/publication-evangelique.com\/?p=10654 \" target= \" _blank \" >6 juin 2015<\/a><\/p>\n<p><a title= \" 29 mai \" href= \" https:\/\/publication-evangelique.com\/?p=10636 \" target= \" _blank \" >29 mai 2015<\/a><br \/>\n<a title= \" 22 mai \" href= \" https:\/\/publication-evangelique.com\/?p=10610 \" target= \" _blank \" >22 mai 2015<\/a><br \/>\n<a title= \" 15 mai \" href= \" https:\/\/publication-evangelique.com\/?p=10588 \" target= \" _blank \" >15 mai 2015<\/a><br \/>\n<a title= \" 8 mai \" href= \" https:\/\/publication-evangelique.com\/?p=10578 \" target= \" _blank \" >8 mai 2015<\/a><br \/>\n<a title= \" 1 mai \" href= \" https:\/\/publication-evangelique.com\/?p=10560 \" target= \" _blank \" >1 mai 2015<\/a><\/p>\n<p><a title= \" 24 avril \" href= \" https:\/\/publication-evangelique.com\/?p=10532 \" target= \" _blank \" >24 avril 2015<\/a><br \/>\n<a title= \" 17 avril \" href= \" https:\/\/publication-evangelique.com\/?p=10506 \" target= \" _blank \" >17 avril 2015<\/a><br \/>\n<a title= \" 10 avril \" href= \" https:\/\/publication-evangelique.com\/?p=10495 \" target= \" _blank \" >10 avril 2015<\/a><br \/>\n<a title= \" 3 avril \" href= \" https:\/\/publication-evangelique.com\/?p=10476 \" target= \" _blank \" >3 avril 2015<\/a><\/p>\n<p><a title= \" 27 mars \" href= \" https:\/\/publication-evangelique.com\/?p=10471 \" target= \" _blank \" >27 mars 2015<\/a><br \/>\n<a title= \" 20 mars \" href= \" https:\/\/publication-evangelique.com\/?p=10450 \" target= \" _blank \" >20 mars 2015<\/a><br \/>\n<a title= \" 13 mars \" href= \" https:\/\/publication-evangelique.com\/?p=10444 \" target= \" _blank \" >13 mars 2015<\/a><br \/>\n<a title= \" 6 mars \" href= \" https:\/\/publication-evangelique.com\/?p=10414 \" target= \" _blank \" >6 mars 2015<\/a><\/p>\n<p><a title= \" 27 f\u00e9vrier \" href= \" https:\/\/publication-evangelique.com\/?p=10401 \" target= \" _blank \" >27 f\u00e9vrier 2015<\/a><br \/>\n<a title= \" 20 f\u00e9vrier \" href= \" https:\/\/publication-evangelique.com\/?p=10387 \" target= \" _blank \" >20 f\u00e9vrier 2015<\/a><br \/>\n<a title= \" 13 f\u00e9vrier \" href= \" https:\/\/publication-evangelique.com\/?p=10371 \" target= \" _blank \" >13 f\u00e9vrier 2015<\/a><br \/>\n<a title= \" 6 f\u00e9vrier \" href= \" https:\/\/publication-evangelique.com\/?p=10361 \" target= \" _blank \" >6 f\u00e9vrier 2015<\/a><\/p>\n<p><a title= \" 30 janvier \" href= \" https:\/\/publication-evangelique.com\/?p=10347 \" target= \" _blank \" >30 janvier 2015<\/a><br \/>\n<a title= \" 23 janvier \" href= \" https:\/\/publication-evangelique.com\/?p=10323 \" target= \" _blank \" >23 janvier 2015<\/a><br \/>\n<a title= \" 16 janvier \" href= \" https:\/\/publication-evangelique.com\/?p=10300 \" target= \" _blank \" >16 janvier 2015<\/a><br \/>\n<a title= \" 9 janvier \" href= \" https:\/\/publication-evangelique.com\/?p=10266 \" target= \" _blank \" >9 janvier 2015<\/a><br \/>\n<a title= \" 2 janvier \" href= \" https:\/\/publication-evangelique.com\/?p=10253 \" target= \" _blank \" >2 janvier 2015<\/a><\/p>\n<p><img src= \" images\/spacer.gif \" border= \" 0 \" width= \" 200 \" height= \" 1 \" alt= \" \" ><\/p>\n<p>&nbsp;<\/td>\n<\/tr>\n<\/tbody>\n<\/table>\n<p><\/br><\/br><\/p>\n<p>Daniel Poulin<br \/>\n<a title= \" Publication \u00c9vang\u00e9lique \" href= \" https:\/\/publication-evangelique.com \" target= \" _blank \" >https:\/\/publication-evangelique.com<\/a><\/p>\n","protected":false},"excerpt":{"rendered":"<p>Vous pourrez \u00e9couter Daniel Poulin sur les ondes de la station CKZW 1650 AM \u00e0 Montr\u00e9al ou sur internet sur http:\/\/ckzw.ca. Tous les vendredi soir 22:30 et en rediffusion le samedi \u00e0 12:30. &nbsp; Toutes les archives des \u00e9missions 2015 <span class=\"excerpt-dots\">&hellip;<\/span> <a class=\"more-link\" href=\"https:\/\/publication-evangelique.com\/?page_id=10250\"><span class=\"more-msg\">Lire la suite &rarr;<\/span><\/a><\/p>\n","protected":false},"author":1,"featured_media":13199,"parent":0,"menu_order":0,"comment_status":"open","ping_status":"open","template":"","meta":{"footnotes":""},"class_list":["post-10250","page","type-page","status-publish","has-post-thumbnail","hentry"],"yoast_head":"<!-- This site is optimized with the Yoast SEO plugin v27.4 - https:\/\/yoast.com\/product\/yoast-seo-wordpress\/ -->\n<title>\u00c9mission de radio &quot; Radio \u00c9vang\u00e9lique &quot; 2015 - Publication \u00c9vang\u00e9lique<\/title>\n<meta name=\"description\" content=\"\u00c9couter chaque semaine l&#039;\u00e9mission &quot;Radio \u00c9vang\u00e9lique&quot;! Voici toutes les \u00e9missions 2014\" \/>\n<meta name=\"robots\" content=\"index, follow, max-snippet:-1, max-image-preview:large, max-video-preview:-1\" \/>\n<link rel=\"canonical\" href=\"https:\/\/publication-evangelique.com\/?page_id=10250\" \/>\n<meta property=\"og:locale\" content=\"fr_FR\" \/>\n<meta property=\"og:type\" content=\"article\" \/>\n<meta property=\"og:title\" content=\"\u00c9mission de radio &quot; Radio \u00c9vang\u00e9lique &quot; 2015 - Publication \u00c9vang\u00e9lique\" \/>\n<meta property=\"og:description\" content=\"\u00c9couter chaque semaine l&#039;\u00e9mission &quot;Radio \u00c9vang\u00e9lique&quot;! Voici toutes les \u00e9missions 2014\" \/>\n<meta property=\"og:url\" content=\"https:\/\/publication-evangelique.com\/?page_id=10250\" \/>\n<meta property=\"og:site_name\" content=\"Publication \u00c9vang\u00e9lique\" \/>\n<meta property=\"article:publisher\" content=\"https:\/\/www.facebook.com\/danielpoulin75\" \/>\n<meta property=\"article:modified_time\" content=\"2017-08-07T11:15:25+00:00\" \/>\n<meta property=\"og:image\" content=\"https:\/\/publication-evangelique.com\/wp-content\/uploads\/radioevangelique.jpg\" \/>\n\t<meta property=\"og:image:width\" content=\"1280\" \/>\n\t<meta property=\"og:image:height\" content=\"960\" \/>\n\t<meta property=\"og:image:type\" content=\"image\/jpeg\" \/>\n<meta name=\"twitter:label1\" content=\"Dur\u00e9e de lecture estim\u00e9e\" \/>\n\t<meta name=\"twitter:data1\" content=\"1 minute\" \/>\n<script type=\"application\/ld+json\" class=\"yoast-schema-graph\">{\"@context\":\"https:\\\/\\\/schema.org\",\"@graph\":[{\"@type\":\"WebPage\",\"@id\":\"https:\\\/\\\/publication-evangelique.com\\\/?page_id=10250\",\"url\":\"https:\\\/\\\/publication-evangelique.com\\\/?page_id=10250\",\"name\":\"\u00c9mission de radio \\\" Radio \u00c9vang\u00e9lique \\\" 2015 - Publication \u00c9vang\u00e9lique\",\"isPartOf\":{\"@id\":\"https:\\\/\\\/publication-evangelique.com\\\/#website\"},\"primaryImageOfPage\":{\"@id\":\"https:\\\/\\\/publication-evangelique.com\\\/?page_id=10250#primaryimage\"},\"image\":{\"@id\":\"https:\\\/\\\/publication-evangelique.com\\\/?page_id=10250#primaryimage\"},\"thumbnailUrl\":\"https:\\\/\\\/publication-evangelique.com\\\/wp-content\\\/uploads\\\/radioevangelique.jpg\",\"datePublished\":\"2015-01-01T11:09:13+00:00\",\"dateModified\":\"2017-08-07T11:15:25+00:00\",\"description\":\"\u00c9couter chaque semaine l'\u00e9mission \\\"Radio \u00c9vang\u00e9lique\\\"! Voici toutes les \u00e9missions 2014\",\"breadcrumb\":{\"@id\":\"https:\\\/\\\/publication-evangelique.com\\\/?page_id=10250#breadcrumb\"},\"inLanguage\":\"fr-FR\",\"potentialAction\":[{\"@type\":\"ReadAction\",\"target\":[\"https:\\\/\\\/publication-evangelique.com\\\/?page_id=10250\"]}]},{\"@type\":\"ImageObject\",\"inLanguage\":\"fr-FR\",\"@id\":\"https:\\\/\\\/publication-evangelique.com\\\/?page_id=10250#primaryimage\",\"url\":\"https:\\\/\\\/publication-evangelique.com\\\/wp-content\\\/uploads\\\/radioevangelique.jpg\",\"contentUrl\":\"https:\\\/\\\/publication-evangelique.com\\\/wp-content\\\/uploads\\\/radioevangelique.jpg\",\"width\":1280,\"height\":960},{\"@type\":\"BreadcrumbList\",\"@id\":\"https:\\\/\\\/publication-evangelique.com\\\/?page_id=10250#breadcrumb\",\"itemListElement\":[{\"@type\":\"ListItem\",\"position\":1,\"name\":\"Accueil\",\"item\":\"https:\\\/\\\/publication-evangelique.com\\\/\"},{\"@type\":\"ListItem\",\"position\":2,\"name\":\"\u00c9mission de radio \u00ab\u00a0Radio \u00c9vang\u00e9lique\u00a0\u00bb 2015\"}]},{\"@type\":\"WebSite\",\"@id\":\"https:\\\/\\\/publication-evangelique.com\\\/#website\",\"url\":\"https:\\\/\\\/publication-evangelique.com\\\/\",\"name\":\"Daniel Poulin - publication-evangelique.com\",\"description\":\"Daniel Poulin\",\"publisher\":{\"@id\":\"https:\\\/\\\/publication-evangelique.com\\\/#\\\/schema\\\/person\\\/a7aa86223ca614c8c1a737d18c95460c\"},\"potentialAction\":[{\"@type\":\"SearchAction\",\"target\":{\"@type\":\"EntryPoint\",\"urlTemplate\":\"https:\\\/\\\/publication-evangelique.com\\\/?s={search_term_string}\"},\"query-input\":{\"@type\":\"PropertyValueSpecification\",\"valueRequired\":true,\"valueName\":\"search_term_string\"}}],\"inLanguage\":\"fr-FR\"},{\"@type\":[\"Person\",\"Organization\"],\"@id\":\"https:\\\/\\\/publication-evangelique.com\\\/#\\\/schema\\\/person\\\/a7aa86223ca614c8c1a737d18c95460c\",\"name\":\"Daniel Poulin\",\"image\":{\"@type\":\"ImageObject\",\"inLanguage\":\"fr-FR\",\"@id\":\"https:\\\/\\\/publication-evangelique.com\\\/wp-content\\\/uploads\\\/daniel5-1.jpg\",\"url\":\"https:\\\/\\\/publication-evangelique.com\\\/wp-content\\\/uploads\\\/daniel5-1.jpg\",\"contentUrl\":\"https:\\\/\\\/publication-evangelique.com\\\/wp-content\\\/uploads\\\/daniel5-1.jpg\",\"width\":833,\"height\":969,\"caption\":\"Daniel Poulin\"},\"logo\":{\"@id\":\"https:\\\/\\\/publication-evangelique.com\\\/wp-content\\\/uploads\\\/daniel5-1.jpg\"},\"description\":\"Bonjour, ici Daniel Poulin! Je suis un chr\u00e9tien n\u00e9 de nouveau depuis 1980, ayant parcouru un cheminement avec le Seigneur J\u00e9sus-Christ, j'ai construit ce site afin de partager mes connaissances de la parole de Dieu \\\" La Bible \\\" Je travaille aussi au d\u00e9veloppement de la station de radio chr\u00e9tienne fran\u00e7aise \u00e0 Montr\u00e9al, \\\" La Radio Gospel \\\" que vous pouvez voir ici http:\\\/\\\/laradiogospel.ca Je fr\u00e9quente aussi une \u00e9glise, dont je pr\u00eache et j\u2019enseigne la parole de Dieu. La communaut\u00e9 \u00c9vang\u00e9lique de l'Agneau \\\" , voici l'adresse, http:\\\/\\\/communauteevangelique.ca\\\/\",\"sameAs\":[\"https:\\\/\\\/publication-evangelique.com\",\"https:\\\/\\\/www.facebook.com\\\/danielpoulin75\",\"https:\\\/\\\/www.linkedin.com\\\/in\\\/daniel-poulin-64614745\\\/\",\"https:\\\/\\\/x.com\\\/https:\\\/\\\/twitter.com\\\/Daniel_Poulin\",\"https:\\\/\\\/www.youtube.com\\\/user\\\/danielpoulin75\\\/videos\"]}]}<\/script>\n<!-- \/ Yoast SEO plugin. -->","yoast_head_json":{"title":"\u00c9mission de radio \" Radio \u00c9vang\u00e9lique \" 2015 - Publication \u00c9vang\u00e9lique","description":"\u00c9couter chaque semaine l'\u00e9mission \"Radio \u00c9vang\u00e9lique\"! Voici toutes les \u00e9missions 2014","robots":{"index":"index","follow":"follow","max-snippet":"max-snippet:-1","max-image-preview":"max-image-preview:large","max-video-preview":"max-video-preview:-1"},"canonical":"https:\/\/publication-evangelique.com\/?page_id=10250","og_locale":"fr_FR","og_type":"article","og_title":"\u00c9mission de radio \" Radio \u00c9vang\u00e9lique \" 2015 - Publication \u00c9vang\u00e9lique","og_description":"\u00c9couter chaque semaine l'\u00e9mission \"Radio \u00c9vang\u00e9lique\"! Voici toutes les \u00e9missions 2014","og_url":"https:\/\/publication-evangelique.com\/?page_id=10250","og_site_name":"Publication \u00c9vang\u00e9lique","article_publisher":"https:\/\/www.facebook.com\/danielpoulin75","article_modified_time":"2017-08-07T11:15:25+00:00","og_image":[{"width":1280,"height":960,"url":"https:\/\/publication-evangelique.com\/wp-content\/uploads\/radioevangelique.jpg","type":"image\/jpeg"}],"twitter_misc":{"Dur\u00e9e de lecture estim\u00e9e":"1 minute"},"schema":{"@context":"https:\/\/schema.org","@graph":[{"@type":"WebPage","@id":"https:\/\/publication-evangelique.com\/?page_id=10250","url":"https:\/\/publication-evangelique.com\/?page_id=10250","name":"\u00c9mission de radio \" Radio \u00c9vang\u00e9lique \" 2015 - Publication \u00c9vang\u00e9lique","isPartOf":{"@id":"https:\/\/publication-evangelique.com\/#website"},"primaryImageOfPage":{"@id":"https:\/\/publication-evangelique.com\/?page_id=10250#primaryimage"},"image":{"@id":"https:\/\/publication-evangelique.com\/?page_id=10250#primaryimage"},"thumbnailUrl":"https:\/\/publication-evangelique.com\/wp-content\/uploads\/radioevangelique.jpg","datePublished":"2015-01-01T11:09:13+00:00","dateModified":"2017-08-07T11:15:25+00:00","description":"\u00c9couter chaque semaine l'\u00e9mission \"Radio \u00c9vang\u00e9lique\"! Voici toutes les \u00e9missions 2014","breadcrumb":{"@id":"https:\/\/publication-evangelique.com\/?page_id=10250#breadcrumb"},"inLanguage":"fr-FR","potentialAction":[{"@type":"ReadAction","target":["https:\/\/publication-evangelique.com\/?page_id=10250"]}]},{"@type":"ImageObject","inLanguage":"fr-FR","@id":"https:\/\/publication-evangelique.com\/?page_id=10250#primaryimage","url":"https:\/\/publication-evangelique.com\/wp-content\/uploads\/radioevangelique.jpg","contentUrl":"https:\/\/publication-evangelique.com\/wp-content\/uploads\/radioevangelique.jpg","width":1280,"height":960},{"@type":"BreadcrumbList","@id":"https:\/\/publication-evangelique.com\/?page_id=10250#breadcrumb","itemListElement":[{"@type":"ListItem","position":1,"name":"Accueil","item":"https:\/\/publication-evangelique.com\/"},{"@type":"ListItem","position":2,"name":"\u00c9mission de radio \u00ab\u00a0Radio \u00c9vang\u00e9lique\u00a0\u00bb 2015"}]},{"@type":"WebSite","@id":"https:\/\/publication-evangelique.com\/#website","url":"https:\/\/publication-evangelique.com\/","name":"Daniel Poulin - publication-evangelique.com","description":"Daniel Poulin","publisher":{"@id":"https:\/\/publication-evangelique.com\/#\/schema\/person\/a7aa86223ca614c8c1a737d18c95460c"},"potentialAction":[{"@type":"SearchAction","target":{"@type":"EntryPoint","urlTemplate":"https:\/\/publication-evangelique.com\/?s={search_term_string}"},"query-input":{"@type":"PropertyValueSpecification","valueRequired":true,"valueName":"search_term_string"}}],"inLanguage":"fr-FR"},{"@type":["Person","Organization"],"@id":"https:\/\/publication-evangelique.com\/#\/schema\/person\/a7aa86223ca614c8c1a737d18c95460c","name":"Daniel Poulin","image":{"@type":"ImageObject","inLanguage":"fr-FR","@id":"https:\/\/publication-evangelique.com\/wp-content\/uploads\/daniel5-1.jpg","url":"https:\/\/publication-evangelique.com\/wp-content\/uploads\/daniel5-1.jpg","contentUrl":"https:\/\/publication-evangelique.com\/wp-content\/uploads\/daniel5-1.jpg","width":833,"height":969,"caption":"Daniel Poulin"},"logo":{"@id":"https:\/\/publication-evangelique.com\/wp-content\/uploads\/daniel5-1.jpg"},"description":"Bonjour, ici Daniel Poulin! Je suis un chr\u00e9tien n\u00e9 de nouveau depuis 1980, ayant parcouru un cheminement avec le Seigneur J\u00e9sus-Christ, j'ai construit ce site afin de partager mes connaissances de la parole de Dieu \" La Bible \" Je travaille aussi au d\u00e9veloppement de la station de radio chr\u00e9tienne fran\u00e7aise \u00e0 Montr\u00e9al, \" La Radio Gospel \" que vous pouvez voir ici http:\/\/laradiogospel.ca Je fr\u00e9quente aussi une \u00e9glise, dont je pr\u00eache et j\u2019enseigne la parole de Dieu. La communaut\u00e9 \u00c9vang\u00e9lique de l'Agneau \" , voici l'adresse, http:\/\/communauteevangelique.ca\/","sameAs":["https:\/\/publication-evangelique.com","https:\/\/www.facebook.com\/danielpoulin75","https:\/\/www.linkedin.com\/in\/daniel-poulin-64614745\/","https:\/\/x.com\/https:\/\/twitter.com\/Daniel_Poulin","https:\/\/www.youtube.com\/user\/danielpoulin75\/videos"]}]}},"_links":{"self":[{"href":"https:\/\/publication-evangelique.com\/index.php?rest_route=\/wp\/v2\/pages\/10250","targetHints":{"allow":["GET"]}}],"collection":[{"href":"https:\/\/publication-evangelique.com\/index.php?rest_route=\/wp\/v2\/pages"}],"about":[{"href":"https:\/\/publication-evangelique.com\/index.php?rest_route=\/wp\/v2\/types\/page"}],"author":[{"embeddable":true,"href":"https:\/\/publication-evangelique.com\/index.php?rest_route=\/wp\/v2\/users\/1"}],"replies":[{"embeddable":true,"href":"https:\/\/publication-evangelique.com\/index.php?rest_route=%2Fwp%2Fv2%2Fcomments&post=10250"}],"version-history":[{"count":0,"href":"https:\/\/publication-evangelique.com\/index.php?rest_route=\/wp\/v2\/pages\/10250\/revisions"}],"wp:featuredmedia":[{"embeddable":true,"href":"https:\/\/publication-evangelique.com\/index.php?rest_route=\/wp\/v2\/media\/13199"}],"wp:attachment":[{"href":"https:\/\/publication-evangelique.com\/index.php?rest_route=%2Fwp%2Fv2%2Fmedia&parent=10250"}],"curies":[{"name":"wp","href":"https:\/\/api.w.org\/{rel}","templated":true}]}}