{"id":14465,"date":"2017-09-19T17:47:14","date_gmt":"2017-09-19T22:47:14","guid":{"rendered":"http:\/\/publication-evangelique.com\/?page_id=14465"},"modified":"2018-02-21T05:28:03","modified_gmt":"2018-02-21T10:28:03","slug":"mort-resurrection-apres-mort","status":"publish","type":"page","link":"https:\/\/publication-evangelique.com\/?page_id=14465","title":{"rendered":"La mort, la r\u00e9surrection et apr\u00e8s la mort."},"content":{"rendered":"<p>Dans ces quelques \u00e9tudes, nous ferons un survol de ce que la Bible dit sur le sujet de \u00a0\u00bb <strong>la mort<\/strong> \u00a0\u00bb et de \u00a0\u00bb <strong>la vie apr\u00e8s la mort<\/strong> \u00a0\u00bb .<\/p>\n<p>Avez-vous peur de la mort?<\/p>\n<p>\u00cates-vous pr\u00eat \u00e0 mourir?<\/p>\n<p>Savez-vous ce qui vous attend apr\u00e8s votre mort?<\/p>\n<p>Vous pouvez aussi les \u00e9couter en MP3.<\/p>\n<p>&nbsp;<\/p>\n<p>1 &#8211; <a href= \" https:\/\/publication-evangelique.com\/?p=14471 \" >La mort!<\/a><br \/>\n2 &#8211; <a href= \" https:\/\/publication-evangelique.com\/?p=14490 \" >L\u2019homme et sa pens\u00e9e sur la mort et sur la vie d\u2019apr\u00e8s.<\/a><br \/>\n3 &#8211; <a href= \" https:\/\/publication-evangelique.com\/?p=14506 \" >Calculons la valeur de nos jours pr\u00eat\u00e9e.<\/a><br \/>\n4 &#8211; <a href= \" https:\/\/publication-evangelique.com\/?p=14521 \" >La diff\u00e9rence entre mourir avec Dieu et mourir sans Dieu.<\/a><br \/>\n5 &#8211; <a href= \" https:\/\/publication-evangelique.com\/?p=14530 \" >La r\u00e9surrection de J\u00e9sus et sa victoire sur la mort.<\/a><br \/>\n6 &#8211; <a href= \" https:\/\/publication-evangelique.com\/?p=14539 \" >Les disciples de J\u00e9sus et la r\u00e9surrection.<\/a><br \/>\n7 &#8211; <a href= \" https:\/\/publication-evangelique.com\/?p=14562 \" >Les cons\u00e9quences de la r\u00e9surrection de J\u00e9sus-Christ?<\/a><br \/>\n8 &#8211; <a href= \" https:\/\/publication-evangelique.com\/?p=14580 \" >Que dit la Bible sur l\u2019\u00e9tat de conscience des personnes d\u00e9c\u00e9d\u00e9es?<\/a><br \/>\n9 &#8211; <a href= \" https:\/\/publication-evangelique.com\/?p=14597 \" >Que font les morts dans le s\u00e9jour des morts?<\/a><br \/>\n10 &#8211; <a href= \" https:\/\/publication-evangelique.com\/?p=14611 \" >Que font les morts dans le s\u00e9jour des morts? \u2013 suite<\/a><br \/>\n11 &#8211; <a href= \" https:\/\/publication-evangelique.com\/?p=14641 \" >O\u00f9 vont les gens en mourant?<\/a><br \/>\n12 &#8211; <a href= \" https:\/\/publication-evangelique.com\/?p=14688 \" >La r\u00e9surrection des morts sauv\u00e9s.<\/a><br \/>\n13 &#8211; <a href= \" https:\/\/publication-evangelique.com\/?p=14709 \" >Que se passera-t-il apr\u00e8s la r\u00e9surrection des morts sauv\u00e9s.<\/a><br \/>\n14 &#8211; <a href= \" https:\/\/publication-evangelique.com\/?p=14723 \" >La r\u00e9surrection des morts non pardonn\u00e9e.<\/a><br \/>\n15 &#8211; <a href= \" https:\/\/publication-evangelique.com\/?p=14733 \" >Dieu veut que tous les humains soient sauv\u00e9s.<\/a><\/p>\n<p>&#8212;&#8212;&#8212;&#8212;&#8212;&#8212;&#8212;&#8212;&#8212;<\/p>\n<p>Produit par: Daniel Poulin<br \/>\n\u00c9dit\u00e9 par: <a title= \" https:\/\/publication-evangelique.com \" href= \" https:\/\/publication-evangelique.com \" target= \" _blank \" rel= \" noopener \" >https:\/\/publication-evangelique.com<\/a><\/p>\n<p><strong>Adresse de cette page :<\/strong> <a href= \" https:\/\/publication-evangelique.com\/?page_id=14465 \" > https:\/\/publication-evangelique.com\/?page_id=14465<\/a><\/p>\n","protected":false},"excerpt":{"rendered":"<p>Dans ces quelques \u00e9tudes, nous ferons un survol de ce que la Bible dit sur le sujet de \u00a0\u00bb la mort \u00a0\u00bb et de \u00a0\u00bb la vie apr\u00e8s la mort \u00a0\u00bb . Avez-vous peur de la mort? \u00cates-vous pr\u00eat \u00e0 <span class=\"excerpt-dots\">&hellip;<\/span> <a class=\"more-link\" href=\"https:\/\/publication-evangelique.com\/?page_id=14465\"><span class=\"more-msg\">Lire la suite &rarr;<\/span><\/a><\/p>\n","protected":false},"author":1,"featured_media":14467,"parent":0,"menu_order":0,"comment_status":"open","ping_status":"open","template":"","meta":{"footnotes":""},"class_list":["post-14465","page","type-page","status-publish","has-post-thumbnail","hentry"],"yoast_head":"<!-- This site is optimized with the Yoast SEO plugin v27.5 - https:\/\/yoast.com\/product\/yoast-seo-wordpress\/ -->\n<title>La mort, la r\u00e9surrection et apr\u00e8s la mort. - Publication \u00c9vang\u00e9lique<\/title>\n<meta name=\"robots\" content=\"index, follow, max-snippet:-1, max-image-preview:large, max-video-preview:-1\" \/>\n<link rel=\"canonical\" href=\"https:\/\/publication-evangelique.com\/?page_id=14465\" \/>\n<meta property=\"og:locale\" content=\"fr_FR\" \/>\n<meta property=\"og:type\" content=\"article\" \/>\n<meta property=\"og:title\" content=\"La mort, la r\u00e9surrection et apr\u00e8s la mort. - Publication \u00c9vang\u00e9lique\" \/>\n<meta property=\"og:description\" content=\"Dans ces quelques \u00e9tudes, nous ferons un survol de ce que la Bible dit sur le sujet de \u00a0\u00bb la mort \u00a0\u00bb et de \u00a0\u00bb la vie apr\u00e8s la mort \u00a0\u00bb . Avez-vous peur de la mort? \u00cates-vous pr\u00eat \u00e0 &hellip; Lire la suite &rarr;\" \/>\n<meta property=\"og:url\" content=\"https:\/\/publication-evangelique.com\/?page_id=14465\" \/>\n<meta property=\"og:site_name\" content=\"Publication \u00c9vang\u00e9lique\" \/>\n<meta property=\"article:publisher\" content=\"https:\/\/www.facebook.com\/danielpoulin75\" \/>\n<meta property=\"article:modified_time\" content=\"2018-02-21T10:28:03+00:00\" \/>\n<meta property=\"og:image\" content=\"https:\/\/publication-evangelique.com\/wp-content\/uploads\/1397.jpg\" \/>\n\t<meta property=\"og:image:width\" content=\"1280\" \/>\n\t<meta property=\"og:image:height\" content=\"997\" \/>\n\t<meta property=\"og:image:type\" content=\"image\/jpeg\" \/>\n<meta name=\"twitter:label1\" content=\"Dur\u00e9e de lecture estim\u00e9e\" \/>\n\t<meta name=\"twitter:data1\" content=\"1 minute\" \/>\n<script type=\"application\/ld+json\" class=\"yoast-schema-graph\">{\"@context\":\"https:\\\/\\\/schema.org\",\"@graph\":[{\"@type\":\"WebPage\",\"@id\":\"https:\\\/\\\/publication-evangelique.com\\\/?page_id=14465\",\"url\":\"https:\\\/\\\/publication-evangelique.com\\\/?page_id=14465\",\"name\":\"La mort, la r\u00e9surrection et apr\u00e8s la mort. - Publication \u00c9vang\u00e9lique\",\"isPartOf\":{\"@id\":\"https:\\\/\\\/publication-evangelique.com\\\/#website\"},\"primaryImageOfPage\":{\"@id\":\"https:\\\/\\\/publication-evangelique.com\\\/?page_id=14465#primaryimage\"},\"image\":{\"@id\":\"https:\\\/\\\/publication-evangelique.com\\\/?page_id=14465#primaryimage\"},\"thumbnailUrl\":\"https:\\\/\\\/publication-evangelique.com\\\/wp-content\\\/uploads\\\/1397.jpg\",\"datePublished\":\"2017-09-19T22:47:14+00:00\",\"dateModified\":\"2018-02-21T10:28:03+00:00\",\"breadcrumb\":{\"@id\":\"https:\\\/\\\/publication-evangelique.com\\\/?page_id=14465#breadcrumb\"},\"inLanguage\":\"fr-FR\",\"potentialAction\":[{\"@type\":\"ReadAction\",\"target\":[\"https:\\\/\\\/publication-evangelique.com\\\/?page_id=14465\"]}]},{\"@type\":\"ImageObject\",\"inLanguage\":\"fr-FR\",\"@id\":\"https:\\\/\\\/publication-evangelique.com\\\/?page_id=14465#primaryimage\",\"url\":\"https:\\\/\\\/publication-evangelique.com\\\/wp-content\\\/uploads\\\/1397.jpg\",\"contentUrl\":\"https:\\\/\\\/publication-evangelique.com\\\/wp-content\\\/uploads\\\/1397.jpg\",\"width\":1280,\"height\":997},{\"@type\":\"BreadcrumbList\",\"@id\":\"https:\\\/\\\/publication-evangelique.com\\\/?page_id=14465#breadcrumb\",\"itemListElement\":[{\"@type\":\"ListItem\",\"position\":1,\"name\":\"Accueil\",\"item\":\"https:\\\/\\\/publication-evangelique.com\\\/\"},{\"@type\":\"ListItem\",\"position\":2,\"name\":\"La mort, la r\u00e9surrection et apr\u00e8s la mort.\"}]},{\"@type\":\"WebSite\",\"@id\":\"https:\\\/\\\/publication-evangelique.com\\\/#website\",\"url\":\"https:\\\/\\\/publication-evangelique.com\\\/\",\"name\":\"Daniel Poulin - publication-evangelique.com\",\"description\":\"Daniel Poulin\",\"publisher\":{\"@id\":\"https:\\\/\\\/publication-evangelique.com\\\/#\\\/schema\\\/person\\\/a7aa86223ca614c8c1a737d18c95460c\"},\"potentialAction\":[{\"@type\":\"SearchAction\",\"target\":{\"@type\":\"EntryPoint\",\"urlTemplate\":\"https:\\\/\\\/publication-evangelique.com\\\/?s={search_term_string}\"},\"query-input\":{\"@type\":\"PropertyValueSpecification\",\"valueRequired\":true,\"valueName\":\"search_term_string\"}}],\"inLanguage\":\"fr-FR\"},{\"@type\":[\"Person\",\"Organization\"],\"@id\":\"https:\\\/\\\/publication-evangelique.com\\\/#\\\/schema\\\/person\\\/a7aa86223ca614c8c1a737d18c95460c\",\"name\":\"Daniel Poulin\",\"image\":{\"@type\":\"ImageObject\",\"inLanguage\":\"fr-FR\",\"@id\":\"https:\\\/\\\/publication-evangelique.com\\\/wp-content\\\/uploads\\\/daniel5-1.jpg\",\"url\":\"https:\\\/\\\/publication-evangelique.com\\\/wp-content\\\/uploads\\\/daniel5-1.jpg\",\"contentUrl\":\"https:\\\/\\\/publication-evangelique.com\\\/wp-content\\\/uploads\\\/daniel5-1.jpg\",\"width\":833,\"height\":969,\"caption\":\"Daniel Poulin\"},\"logo\":{\"@id\":\"https:\\\/\\\/publication-evangelique.com\\\/wp-content\\\/uploads\\\/daniel5-1.jpg\"},\"description\":\"Bonjour, ici Daniel Poulin! Je suis un chr\u00e9tien n\u00e9 de nouveau depuis 1980, ayant parcouru un cheminement avec le Seigneur J\u00e9sus-Christ, j'ai construit ce site afin de partager mes connaissances de la parole de Dieu \\\" La Bible \\\" Je travaille aussi au d\u00e9veloppement de la station de radio chr\u00e9tienne fran\u00e7aise \u00e0 Montr\u00e9al, \\\" La Radio Gospel \\\" que vous pouvez voir ici http:\\\/\\\/laradiogospel.ca Je fr\u00e9quente aussi une \u00e9glise, dont je pr\u00eache et j\u2019enseigne la parole de Dieu. La communaut\u00e9 \u00c9vang\u00e9lique de l'Agneau \\\" , voici l'adresse, http:\\\/\\\/communauteevangelique.ca\\\/\",\"sameAs\":[\"https:\\\/\\\/publication-evangelique.com\",\"https:\\\/\\\/www.facebook.com\\\/danielpoulin75\",\"https:\\\/\\\/www.linkedin.com\\\/in\\\/daniel-poulin-64614745\\\/\",\"https:\\\/\\\/x.com\\\/https:\\\/\\\/twitter.com\\\/Daniel_Poulin\",\"https:\\\/\\\/www.youtube.com\\\/user\\\/danielpoulin75\\\/videos\"]}]}<\/script>\n<!-- \/ Yoast SEO plugin. -->","yoast_head_json":{"title":"La mort, la r\u00e9surrection et apr\u00e8s la mort. - Publication \u00c9vang\u00e9lique","robots":{"index":"index","follow":"follow","max-snippet":"max-snippet:-1","max-image-preview":"max-image-preview:large","max-video-preview":"max-video-preview:-1"},"canonical":"https:\/\/publication-evangelique.com\/?page_id=14465","og_locale":"fr_FR","og_type":"article","og_title":"La mort, la r\u00e9surrection et apr\u00e8s la mort. - Publication \u00c9vang\u00e9lique","og_description":"Dans ces quelques \u00e9tudes, nous ferons un survol de ce que la Bible dit sur le sujet de \u00a0\u00bb la mort \u00a0\u00bb et de \u00a0\u00bb la vie apr\u00e8s la mort \u00a0\u00bb . Avez-vous peur de la mort? \u00cates-vous pr\u00eat \u00e0 &hellip; Lire la suite &rarr;","og_url":"https:\/\/publication-evangelique.com\/?page_id=14465","og_site_name":"Publication \u00c9vang\u00e9lique","article_publisher":"https:\/\/www.facebook.com\/danielpoulin75","article_modified_time":"2018-02-21T10:28:03+00:00","og_image":[{"width":1280,"height":997,"url":"https:\/\/publication-evangelique.com\/wp-content\/uploads\/1397.jpg","type":"image\/jpeg"}],"twitter_misc":{"Dur\u00e9e de lecture estim\u00e9e":"1 minute"},"schema":{"@context":"https:\/\/schema.org","@graph":[{"@type":"WebPage","@id":"https:\/\/publication-evangelique.com\/?page_id=14465","url":"https:\/\/publication-evangelique.com\/?page_id=14465","name":"La mort, la r\u00e9surrection et apr\u00e8s la mort. - Publication \u00c9vang\u00e9lique","isPartOf":{"@id":"https:\/\/publication-evangelique.com\/#website"},"primaryImageOfPage":{"@id":"https:\/\/publication-evangelique.com\/?page_id=14465#primaryimage"},"image":{"@id":"https:\/\/publication-evangelique.com\/?page_id=14465#primaryimage"},"thumbnailUrl":"https:\/\/publication-evangelique.com\/wp-content\/uploads\/1397.jpg","datePublished":"2017-09-19T22:47:14+00:00","dateModified":"2018-02-21T10:28:03+00:00","breadcrumb":{"@id":"https:\/\/publication-evangelique.com\/?page_id=14465#breadcrumb"},"inLanguage":"fr-FR","potentialAction":[{"@type":"ReadAction","target":["https:\/\/publication-evangelique.com\/?page_id=14465"]}]},{"@type":"ImageObject","inLanguage":"fr-FR","@id":"https:\/\/publication-evangelique.com\/?page_id=14465#primaryimage","url":"https:\/\/publication-evangelique.com\/wp-content\/uploads\/1397.jpg","contentUrl":"https:\/\/publication-evangelique.com\/wp-content\/uploads\/1397.jpg","width":1280,"height":997},{"@type":"BreadcrumbList","@id":"https:\/\/publication-evangelique.com\/?page_id=14465#breadcrumb","itemListElement":[{"@type":"ListItem","position":1,"name":"Accueil","item":"https:\/\/publication-evangelique.com\/"},{"@type":"ListItem","position":2,"name":"La mort, la r\u00e9surrection et apr\u00e8s la mort."}]},{"@type":"WebSite","@id":"https:\/\/publication-evangelique.com\/#website","url":"https:\/\/publication-evangelique.com\/","name":"Daniel Poulin - publication-evangelique.com","description":"Daniel Poulin","publisher":{"@id":"https:\/\/publication-evangelique.com\/#\/schema\/person\/a7aa86223ca614c8c1a737d18c95460c"},"potentialAction":[{"@type":"SearchAction","target":{"@type":"EntryPoint","urlTemplate":"https:\/\/publication-evangelique.com\/?s={search_term_string}"},"query-input":{"@type":"PropertyValueSpecification","valueRequired":true,"valueName":"search_term_string"}}],"inLanguage":"fr-FR"},{"@type":["Person","Organization"],"@id":"https:\/\/publication-evangelique.com\/#\/schema\/person\/a7aa86223ca614c8c1a737d18c95460c","name":"Daniel Poulin","image":{"@type":"ImageObject","inLanguage":"fr-FR","@id":"https:\/\/publication-evangelique.com\/wp-content\/uploads\/daniel5-1.jpg","url":"https:\/\/publication-evangelique.com\/wp-content\/uploads\/daniel5-1.jpg","contentUrl":"https:\/\/publication-evangelique.com\/wp-content\/uploads\/daniel5-1.jpg","width":833,"height":969,"caption":"Daniel Poulin"},"logo":{"@id":"https:\/\/publication-evangelique.com\/wp-content\/uploads\/daniel5-1.jpg"},"description":"Bonjour, ici Daniel Poulin! Je suis un chr\u00e9tien n\u00e9 de nouveau depuis 1980, ayant parcouru un cheminement avec le Seigneur J\u00e9sus-Christ, j'ai construit ce site afin de partager mes connaissances de la parole de Dieu \" La Bible \" Je travaille aussi au d\u00e9veloppement de la station de radio chr\u00e9tienne fran\u00e7aise \u00e0 Montr\u00e9al, \" La Radio Gospel \" que vous pouvez voir ici http:\/\/laradiogospel.ca Je fr\u00e9quente aussi une \u00e9glise, dont je pr\u00eache et j\u2019enseigne la parole de Dieu. La communaut\u00e9 \u00c9vang\u00e9lique de l'Agneau \" , voici l'adresse, http:\/\/communauteevangelique.ca\/","sameAs":["https:\/\/publication-evangelique.com","https:\/\/www.facebook.com\/danielpoulin75","https:\/\/www.linkedin.com\/in\/daniel-poulin-64614745\/","https:\/\/x.com\/https:\/\/twitter.com\/Daniel_Poulin","https:\/\/www.youtube.com\/user\/danielpoulin75\/videos"]}]}},"_links":{"self":[{"href":"https:\/\/publication-evangelique.com\/index.php?rest_route=\/wp\/v2\/pages\/14465","targetHints":{"allow":["GET"]}}],"collection":[{"href":"https:\/\/publication-evangelique.com\/index.php?rest_route=\/wp\/v2\/pages"}],"about":[{"href":"https:\/\/publication-evangelique.com\/index.php?rest_route=\/wp\/v2\/types\/page"}],"author":[{"embeddable":true,"href":"https:\/\/publication-evangelique.com\/index.php?rest_route=\/wp\/v2\/users\/1"}],"replies":[{"embeddable":true,"href":"https:\/\/publication-evangelique.com\/index.php?rest_route=%2Fwp%2Fv2%2Fcomments&post=14465"}],"version-history":[{"count":0,"href":"https:\/\/publication-evangelique.com\/index.php?rest_route=\/wp\/v2\/pages\/14465\/revisions"}],"wp:featuredmedia":[{"embeddable":true,"href":"https:\/\/publication-evangelique.com\/index.php?rest_route=\/wp\/v2\/media\/14467"}],"wp:attachment":[{"href":"https:\/\/publication-evangelique.com\/index.php?rest_route=%2Fwp%2Fv2%2Fmedia&parent=14465"}],"curies":[{"name":"wp","href":"https:\/\/api.w.org\/{rel}","templated":true}]}}