{"id":16775,"date":"2021-01-14T13:02:57","date_gmt":"2021-01-14T18:02:57","guid":{"rendered":"http:\/\/publication-evangelique.com\/?page_id=16775"},"modified":"2021-06-17T05:23:01","modified_gmt":"2021-06-17T10:23:01","slug":"afin-que-des-temps-de-rafraichissement-viennent","status":"publish","type":"page","link":"https:\/\/publication-evangelique.com\/?page_id=16775","title":{"rendered":"Afin que des temps de rafra\u00eechissement viennent &#8230;"},"content":{"rendered":"<p><strong>Nous allons regarder ensemble certaines promesses du Seigneur pour notre vie pr\u00e9sente.<\/strong><\/p>\n<p><strong>Bas\u00e9 sur un verset dans le livre des actes des ap\u00f4tres.<br \/>\nActes 3:19<\/strong> Repentez-vous donc et convertissez-vous, pour que vos p\u00e9ch\u00e9s soient effac\u00e9s, afin que des temps de rafra\u00eechissement viennent de la part du Seigneur,<\/p>\n<p><strong>Le Seigneur veut nous b\u00e9nir, nous gu\u00e9rir et nous faire du bien. <\/strong><\/p>\n<p><strong>R\u00e9clamons ces promesses!<\/strong><\/p>\n<p>Vous pouvez \u00e9couter les messages en format MP3.<\/p>\n<p>1 &#8211; <a href= \" https:\/\/publication-evangelique.com\/?p=16780 \" >Afin que des temps de rafra\u00eechissement viennent de la part du Seigneur.<\/a><br \/>\n2 &#8211; <a href= \" https:\/\/publication-evangelique.com\/?p=16790 \" >Saisissez la paix et la restauration qui vient de Dieu.<\/a><br \/>\n3 &#8211; <a href= \" https:\/\/publication-evangelique.com\/?p=16804 \" >Soyez rafra\u00eechi dans la joie du Seigneur.<\/a><br \/>\n4 &#8211; <a href= \" https:\/\/publication-evangelique.com\/?p=16835 \" >Soyez rafra\u00eechi et restaurez par la r\u00e9ception de la parole de Dieu.<\/a><br \/>\n5 &#8211; <a href= \" https:\/\/publication-evangelique.com\/?p=16849 \" >Soyez rafra\u00eechi par l\u2019ob\u00e9issance de la parole de Dieu.<\/a><br \/>\n6 &#8211; <a href= \" https:\/\/publication-evangelique.com\/?p=16871 \" >Soyez rafra\u00eechi par l\u2019exhaussement de vos pri\u00e8res.<\/a><br \/>\n7 &#8211; <a href= \" https:\/\/publication-evangelique.com\/?p=16884 \" >Soyez rafra\u00eechi pendant votre louange \u00e0 Dieu.<\/a><br \/>\n8 &#8211; <a href= \" https:\/\/publication-evangelique.com\/?p=16904 \" >Soyez rafra\u00eechi par le rev\u00eatement de la puissance de Dieu<\/a><br \/>\n9 &#8211; <a href= \" https:\/\/publication-evangelique.com\/?p=16914 \" >Soyez rafra\u00eechi en donnant les b\u00e9n\u00e9dictions du Seigneur<\/a><br \/>\n10 &#8211; <a href= \" https:\/\/publication-evangelique.com\/?p=16932 \" >Soyez rafra\u00eechi et b\u00e9ni dans l\u2019\u00e9vang\u00e9lisation.<\/a><br \/>\n11 &#8211; <a href= \" https:\/\/publication-evangelique.com\/?p=16980 \" >Soyez rafra\u00eechi par des gu\u00e9risons du corps et du c\u0153ur.<\/a><br \/>\n12 &#8211; <a href= \" https:\/\/publication-evangelique.com\/?p=16998 \" >Soyez rafra\u00eechi par la d\u00e9livrance de l\u2019orgueil<\/a><br \/>\n13 &#8211; <a href= \" https:\/\/publication-evangelique.com\/?p=17010 \" >Soyez rafra\u00eechi par la d\u00e9livrance des impuret\u00e9s.<\/a><br \/>\n14 &#8211; <a href= \" https:\/\/publication-evangelique.com\/?p=17032 \" >Soyez rafra\u00eechi par la d\u00e9livrance des mensonges<\/a><br \/>\n15 &#8211; <a href= \" https:\/\/publication-evangelique.com\/?p=17043 \" >Soyez rafra\u00eechi par la d\u00e9livrance des exc\u00e8s de consommation.<\/a><br \/>\n16 &#8211; <a href= \" https:\/\/publication-evangelique.com\/?p=17062 \" >Soyez rafra\u00eechi par la d\u00e9livrance de la peur et la crainte.<\/a><br \/>\n17 &#8211; <a href= \" https:\/\/publication-evangelique.com\/?p=17085 \" >Soyez rafra\u00eechi par la d\u00e9livrance des passions mauvaise.<\/a><br \/>\n18 &#8211; <a href= \" https:\/\/publication-evangelique.com\/?p=17095 \" >Soyez rafra\u00eechi par la d\u00e9livrance de la paresse<\/a><br \/>\n19 &#8211; <a href= \" https:\/\/publication-evangelique.com\/?p=17117 \" >Soyez rafra\u00eechis par l\u2019acceptation de la soumission \u00e0 Dieu<\/a><br \/>\n20 &#8211; <a href= \" https:\/\/publication-evangelique.com\/?p=17129 \" >Soyez rafra\u00eechis par la prosp\u00e9rit\u00e9 donn\u00e9e par Dieu.<\/a><\/p>\n<p>&#8212;&#8212;&#8212;&#8212;&#8212;&#8212;&#8212;&#8212;&#8212;<\/p>\n<p>Note: A part d&rsquo;une mention sp\u00e9ciale, toutes les citations bibliques<br \/>\nsont tir\u00e9es du texte de la traduction; Louis Segond 1910.<br \/>\n\u00a9 Tout droit r\u00e9serv\u00e9<\/p>\n<p>Produit par : Daniel Poulin<br \/>\n\u00c9dit\u00e9 par : <a href= \" https:\/\/publication-evangelique.com \" >https:\/\/publication-evangelique.com<\/a><\/p>\n<p>Adresse de ce blogue : <a href= \" https:\/\/publication-evangelique.com\/?page_id=16775 \" >https:\/\/publication-evangelique.com\/?page_id=16775<\/a><\/p>\n","protected":false},"excerpt":{"rendered":"<p>Nous allons regarder ensemble certaines promesses du Seigneur pour notre vie pr\u00e9sente. Bas\u00e9 sur un verset dans le livre des actes des ap\u00f4tres. Actes 3:19 Repentez-vous donc et convertissez-vous, pour que vos p\u00e9ch\u00e9s soient effac\u00e9s, afin que des temps de <span class=\"excerpt-dots\">&hellip;<\/span> <a class=\"more-link\" href=\"https:\/\/publication-evangelique.com\/?page_id=16775\"><span class=\"more-msg\">Lire la suite &rarr;<\/span><\/a><\/p>\n","protected":false},"author":1,"featured_media":13096,"parent":0,"menu_order":0,"comment_status":"closed","ping_status":"closed","template":"","meta":{"footnotes":""},"class_list":["post-16775","page","type-page","status-publish","has-post-thumbnail","hentry"],"yoast_head":"<!-- This site is optimized with the Yoast SEO plugin v27.5 - https:\/\/yoast.com\/product\/yoast-seo-wordpress\/ -->\n<title>Afin que des temps de rafra\u00eechissement viennent ... - Publication \u00c9vang\u00e9lique<\/title>\n<meta name=\"robots\" content=\"index, follow, max-snippet:-1, max-image-preview:large, max-video-preview:-1\" \/>\n<link rel=\"canonical\" href=\"https:\/\/publication-evangelique.com\/?page_id=16775\" \/>\n<meta property=\"og:locale\" content=\"fr_FR\" \/>\n<meta property=\"og:type\" content=\"article\" \/>\n<meta property=\"og:title\" content=\"Afin que des temps de rafra\u00eechissement viennent ... - Publication \u00c9vang\u00e9lique\" \/>\n<meta property=\"og:description\" content=\"Nous allons regarder ensemble certaines promesses du Seigneur pour notre vie pr\u00e9sente. Bas\u00e9 sur un verset dans le livre des actes des ap\u00f4tres. Actes 3:19 Repentez-vous donc et convertissez-vous, pour que vos p\u00e9ch\u00e9s soient effac\u00e9s, afin que des temps de &hellip; Lire la suite &rarr;\" \/>\n<meta property=\"og:url\" content=\"https:\/\/publication-evangelique.com\/?page_id=16775\" \/>\n<meta property=\"og:site_name\" content=\"Publication \u00c9vang\u00e9lique\" \/>\n<meta property=\"article:publisher\" content=\"https:\/\/www.facebook.com\/danielpoulin75\" \/>\n<meta property=\"article:modified_time\" content=\"2021-06-17T10:23:01+00:00\" \/>\n<meta property=\"og:image\" content=\"https:\/\/publication-evangelique.com\/wp-content\/uploads\/1299.jpg\" \/>\n\t<meta property=\"og:image:width\" content=\"1280\" \/>\n\t<meta property=\"og:image:height\" content=\"966\" \/>\n\t<meta property=\"og:image:type\" content=\"image\/jpeg\" \/>\n<meta name=\"twitter:label1\" content=\"Dur\u00e9e de lecture estim\u00e9e\" \/>\n\t<meta name=\"twitter:data1\" content=\"2 minutes\" \/>\n<script type=\"application\/ld+json\" class=\"yoast-schema-graph\">{\"@context\":\"https:\\\/\\\/schema.org\",\"@graph\":[{\"@type\":\"WebPage\",\"@id\":\"https:\\\/\\\/publication-evangelique.com\\\/?page_id=16775\",\"url\":\"https:\\\/\\\/publication-evangelique.com\\\/?page_id=16775\",\"name\":\"Afin que des temps de rafra\u00eechissement viennent ... - Publication \u00c9vang\u00e9lique\",\"isPartOf\":{\"@id\":\"https:\\\/\\\/publication-evangelique.com\\\/#website\"},\"primaryImageOfPage\":{\"@id\":\"https:\\\/\\\/publication-evangelique.com\\\/?page_id=16775#primaryimage\"},\"image\":{\"@id\":\"https:\\\/\\\/publication-evangelique.com\\\/?page_id=16775#primaryimage\"},\"thumbnailUrl\":\"https:\\\/\\\/publication-evangelique.com\\\/wp-content\\\/uploads\\\/1299.jpg\",\"datePublished\":\"2021-01-14T18:02:57+00:00\",\"dateModified\":\"2021-06-17T10:23:01+00:00\",\"breadcrumb\":{\"@id\":\"https:\\\/\\\/publication-evangelique.com\\\/?page_id=16775#breadcrumb\"},\"inLanguage\":\"fr-FR\",\"potentialAction\":[{\"@type\":\"ReadAction\",\"target\":[\"https:\\\/\\\/publication-evangelique.com\\\/?page_id=16775\"]}]},{\"@type\":\"ImageObject\",\"inLanguage\":\"fr-FR\",\"@id\":\"https:\\\/\\\/publication-evangelique.com\\\/?page_id=16775#primaryimage\",\"url\":\"https:\\\/\\\/publication-evangelique.com\\\/wp-content\\\/uploads\\\/1299.jpg\",\"contentUrl\":\"https:\\\/\\\/publication-evangelique.com\\\/wp-content\\\/uploads\\\/1299.jpg\",\"width\":1280,\"height\":966},{\"@type\":\"BreadcrumbList\",\"@id\":\"https:\\\/\\\/publication-evangelique.com\\\/?page_id=16775#breadcrumb\",\"itemListElement\":[{\"@type\":\"ListItem\",\"position\":1,\"name\":\"Accueil\",\"item\":\"https:\\\/\\\/publication-evangelique.com\\\/\"},{\"@type\":\"ListItem\",\"position\":2,\"name\":\"Afin que des temps de rafra\u00eechissement viennent &#8230;\"}]},{\"@type\":\"WebSite\",\"@id\":\"https:\\\/\\\/publication-evangelique.com\\\/#website\",\"url\":\"https:\\\/\\\/publication-evangelique.com\\\/\",\"name\":\"Daniel Poulin - publication-evangelique.com\",\"description\":\"Daniel Poulin\",\"publisher\":{\"@id\":\"https:\\\/\\\/publication-evangelique.com\\\/#\\\/schema\\\/person\\\/a7aa86223ca614c8c1a737d18c95460c\"},\"potentialAction\":[{\"@type\":\"SearchAction\",\"target\":{\"@type\":\"EntryPoint\",\"urlTemplate\":\"https:\\\/\\\/publication-evangelique.com\\\/?s={search_term_string}\"},\"query-input\":{\"@type\":\"PropertyValueSpecification\",\"valueRequired\":true,\"valueName\":\"search_term_string\"}}],\"inLanguage\":\"fr-FR\"},{\"@type\":[\"Person\",\"Organization\"],\"@id\":\"https:\\\/\\\/publication-evangelique.com\\\/#\\\/schema\\\/person\\\/a7aa86223ca614c8c1a737d18c95460c\",\"name\":\"Daniel Poulin\",\"image\":{\"@type\":\"ImageObject\",\"inLanguage\":\"fr-FR\",\"@id\":\"https:\\\/\\\/publication-evangelique.com\\\/wp-content\\\/uploads\\\/daniel5-1.jpg\",\"url\":\"https:\\\/\\\/publication-evangelique.com\\\/wp-content\\\/uploads\\\/daniel5-1.jpg\",\"contentUrl\":\"https:\\\/\\\/publication-evangelique.com\\\/wp-content\\\/uploads\\\/daniel5-1.jpg\",\"width\":833,\"height\":969,\"caption\":\"Daniel Poulin\"},\"logo\":{\"@id\":\"https:\\\/\\\/publication-evangelique.com\\\/wp-content\\\/uploads\\\/daniel5-1.jpg\"},\"description\":\"Bonjour, ici Daniel Poulin! Je suis un chr\u00e9tien n\u00e9 de nouveau depuis 1980, ayant parcouru un cheminement avec le Seigneur J\u00e9sus-Christ, j'ai construit ce site afin de partager mes connaissances de la parole de Dieu \\\" La Bible \\\" Je travaille aussi au d\u00e9veloppement de la station de radio chr\u00e9tienne fran\u00e7aise \u00e0 Montr\u00e9al, \\\" La Radio Gospel \\\" que vous pouvez voir ici http:\\\/\\\/laradiogospel.ca Je fr\u00e9quente aussi une \u00e9glise, dont je pr\u00eache et j\u2019enseigne la parole de Dieu. La communaut\u00e9 \u00c9vang\u00e9lique de l'Agneau \\\" , voici l'adresse, http:\\\/\\\/communauteevangelique.ca\\\/\",\"sameAs\":[\"https:\\\/\\\/publication-evangelique.com\",\"https:\\\/\\\/www.facebook.com\\\/danielpoulin75\",\"https:\\\/\\\/www.linkedin.com\\\/in\\\/daniel-poulin-64614745\\\/\",\"https:\\\/\\\/x.com\\\/https:\\\/\\\/twitter.com\\\/Daniel_Poulin\",\"https:\\\/\\\/www.youtube.com\\\/user\\\/danielpoulin75\\\/videos\"]}]}<\/script>\n<!-- \/ Yoast SEO plugin. -->","yoast_head_json":{"title":"Afin que des temps de rafra\u00eechissement viennent ... - Publication \u00c9vang\u00e9lique","robots":{"index":"index","follow":"follow","max-snippet":"max-snippet:-1","max-image-preview":"max-image-preview:large","max-video-preview":"max-video-preview:-1"},"canonical":"https:\/\/publication-evangelique.com\/?page_id=16775","og_locale":"fr_FR","og_type":"article","og_title":"Afin que des temps de rafra\u00eechissement viennent ... - Publication \u00c9vang\u00e9lique","og_description":"Nous allons regarder ensemble certaines promesses du Seigneur pour notre vie pr\u00e9sente. Bas\u00e9 sur un verset dans le livre des actes des ap\u00f4tres. Actes 3:19 Repentez-vous donc et convertissez-vous, pour que vos p\u00e9ch\u00e9s soient effac\u00e9s, afin que des temps de &hellip; Lire la suite &rarr;","og_url":"https:\/\/publication-evangelique.com\/?page_id=16775","og_site_name":"Publication \u00c9vang\u00e9lique","article_publisher":"https:\/\/www.facebook.com\/danielpoulin75","article_modified_time":"2021-06-17T10:23:01+00:00","og_image":[{"width":1280,"height":966,"url":"https:\/\/publication-evangelique.com\/wp-content\/uploads\/1299.jpg","type":"image\/jpeg"}],"twitter_misc":{"Dur\u00e9e de lecture estim\u00e9e":"2 minutes"},"schema":{"@context":"https:\/\/schema.org","@graph":[{"@type":"WebPage","@id":"https:\/\/publication-evangelique.com\/?page_id=16775","url":"https:\/\/publication-evangelique.com\/?page_id=16775","name":"Afin que des temps de rafra\u00eechissement viennent ... - Publication \u00c9vang\u00e9lique","isPartOf":{"@id":"https:\/\/publication-evangelique.com\/#website"},"primaryImageOfPage":{"@id":"https:\/\/publication-evangelique.com\/?page_id=16775#primaryimage"},"image":{"@id":"https:\/\/publication-evangelique.com\/?page_id=16775#primaryimage"},"thumbnailUrl":"https:\/\/publication-evangelique.com\/wp-content\/uploads\/1299.jpg","datePublished":"2021-01-14T18:02:57+00:00","dateModified":"2021-06-17T10:23:01+00:00","breadcrumb":{"@id":"https:\/\/publication-evangelique.com\/?page_id=16775#breadcrumb"},"inLanguage":"fr-FR","potentialAction":[{"@type":"ReadAction","target":["https:\/\/publication-evangelique.com\/?page_id=16775"]}]},{"@type":"ImageObject","inLanguage":"fr-FR","@id":"https:\/\/publication-evangelique.com\/?page_id=16775#primaryimage","url":"https:\/\/publication-evangelique.com\/wp-content\/uploads\/1299.jpg","contentUrl":"https:\/\/publication-evangelique.com\/wp-content\/uploads\/1299.jpg","width":1280,"height":966},{"@type":"BreadcrumbList","@id":"https:\/\/publication-evangelique.com\/?page_id=16775#breadcrumb","itemListElement":[{"@type":"ListItem","position":1,"name":"Accueil","item":"https:\/\/publication-evangelique.com\/"},{"@type":"ListItem","position":2,"name":"Afin que des temps de rafra\u00eechissement viennent &#8230;"}]},{"@type":"WebSite","@id":"https:\/\/publication-evangelique.com\/#website","url":"https:\/\/publication-evangelique.com\/","name":"Daniel Poulin - publication-evangelique.com","description":"Daniel Poulin","publisher":{"@id":"https:\/\/publication-evangelique.com\/#\/schema\/person\/a7aa86223ca614c8c1a737d18c95460c"},"potentialAction":[{"@type":"SearchAction","target":{"@type":"EntryPoint","urlTemplate":"https:\/\/publication-evangelique.com\/?s={search_term_string}"},"query-input":{"@type":"PropertyValueSpecification","valueRequired":true,"valueName":"search_term_string"}}],"inLanguage":"fr-FR"},{"@type":["Person","Organization"],"@id":"https:\/\/publication-evangelique.com\/#\/schema\/person\/a7aa86223ca614c8c1a737d18c95460c","name":"Daniel Poulin","image":{"@type":"ImageObject","inLanguage":"fr-FR","@id":"https:\/\/publication-evangelique.com\/wp-content\/uploads\/daniel5-1.jpg","url":"https:\/\/publication-evangelique.com\/wp-content\/uploads\/daniel5-1.jpg","contentUrl":"https:\/\/publication-evangelique.com\/wp-content\/uploads\/daniel5-1.jpg","width":833,"height":969,"caption":"Daniel Poulin"},"logo":{"@id":"https:\/\/publication-evangelique.com\/wp-content\/uploads\/daniel5-1.jpg"},"description":"Bonjour, ici Daniel Poulin! Je suis un chr\u00e9tien n\u00e9 de nouveau depuis 1980, ayant parcouru un cheminement avec le Seigneur J\u00e9sus-Christ, j'ai construit ce site afin de partager mes connaissances de la parole de Dieu \" La Bible \" Je travaille aussi au d\u00e9veloppement de la station de radio chr\u00e9tienne fran\u00e7aise \u00e0 Montr\u00e9al, \" La Radio Gospel \" que vous pouvez voir ici http:\/\/laradiogospel.ca Je fr\u00e9quente aussi une \u00e9glise, dont je pr\u00eache et j\u2019enseigne la parole de Dieu. La communaut\u00e9 \u00c9vang\u00e9lique de l'Agneau \" , voici l'adresse, http:\/\/communauteevangelique.ca\/","sameAs":["https:\/\/publication-evangelique.com","https:\/\/www.facebook.com\/danielpoulin75","https:\/\/www.linkedin.com\/in\/daniel-poulin-64614745\/","https:\/\/x.com\/https:\/\/twitter.com\/Daniel_Poulin","https:\/\/www.youtube.com\/user\/danielpoulin75\/videos"]}]}},"_links":{"self":[{"href":"https:\/\/publication-evangelique.com\/index.php?rest_route=\/wp\/v2\/pages\/16775","targetHints":{"allow":["GET"]}}],"collection":[{"href":"https:\/\/publication-evangelique.com\/index.php?rest_route=\/wp\/v2\/pages"}],"about":[{"href":"https:\/\/publication-evangelique.com\/index.php?rest_route=\/wp\/v2\/types\/page"}],"author":[{"embeddable":true,"href":"https:\/\/publication-evangelique.com\/index.php?rest_route=\/wp\/v2\/users\/1"}],"replies":[{"embeddable":true,"href":"https:\/\/publication-evangelique.com\/index.php?rest_route=%2Fwp%2Fv2%2Fcomments&post=16775"}],"version-history":[{"count":0,"href":"https:\/\/publication-evangelique.com\/index.php?rest_route=\/wp\/v2\/pages\/16775\/revisions"}],"wp:featuredmedia":[{"embeddable":true,"href":"https:\/\/publication-evangelique.com\/index.php?rest_route=\/wp\/v2\/media\/13096"}],"wp:attachment":[{"href":"https:\/\/publication-evangelique.com\/index.php?rest_route=%2Fwp%2Fv2%2Fmedia&parent=16775"}],"curies":[{"name":"wp","href":"https:\/\/api.w.org\/{rel}","templated":true}]}}