{"id":8042,"date":"2013-01-31T10:13:56","date_gmt":"2013-01-31T15:13:56","guid":{"rendered":"http:\/\/publication-evangelique.com\/?page_id=8042"},"modified":"2017-08-08T13:31:38","modified_gmt":"2017-08-08T18:31:38","slug":"le-saint-esprit","status":"publish","type":"page","link":"https:\/\/publication-evangelique.com\/?page_id=8042","title":{"rendered":"Le Saint-Esprit"},"content":{"rendered":"<p>Nous allons parler d<strong>\u2019un des plus grand myst\u00e8re<\/strong> de la vie, <strong>un \u00eatre invisible<\/strong>, inconnu des gens du monde et <strong>qui agit depuis le d\u00e9but<\/strong> de la cr\u00e9ation. <\/p>\n<p>Il est celui qui agit secr\u00e8tement <strong>dans la cr\u00e9ation <\/strong>et <strong>dans le c\u0153ur de l&rsquo;homme<\/strong>. <\/p>\n<p>Il est pr\u00e9sent\u00e9 comme \u00e9tant l&rsquo;agent actif de Dieu, <strong>le doigt de Dieu<\/strong>.<\/p>\n<h3>Le Saint-Esprit<\/h3>\n<p>Vous pouvez aussi les \u00e9couter en MP3.<\/p>\n<p>&#8211; 1 &#8211; <a href= \" https:\/\/publication-evangelique.com\/?p=8037 \" >Introduction<\/a><br \/>\n&#8211; 2 &#8211; <a href= \" https:\/\/publication-evangelique.com\/?p=8083 \" >Ce que le Saint-Esprit n\u2019est pas<\/a><br \/>\n&#8211; 3 &#8211; <a href= \" https:\/\/publication-evangelique.com\/?p=8115 \" >Qui recevons-nous en recevant le Saint-Esprit?<\/a><br \/>\n&#8211; 4 &#8211; <a href= \" https:\/\/publication-evangelique.com\/?p=8202 \" >Le Saint-Esprit est Dieu <\/a><br \/>\n&#8211; 5 &#8211; <a href= \" https:\/\/publication-evangelique.com\/?p=8246 \" >Quelque-uns des attributs du Saint-Esprit! <\/a><br \/>\n&#8211; 6 &#8211; <a href= \" https:\/\/publication-evangelique.com\/?p=8269 \" >Quelque-uns des attributs du Saint-Esprit! -suite <\/a><br \/>\n&#8211; 7 &#8211; <a href= \" https:\/\/publication-evangelique.com\/?p=8297 \" >Les embl\u00e8mes du Saint-Esprit <\/a><br \/>\n&#8211; 8 &#8211; <a href= \" https:\/\/publication-evangelique.com\/?p=8332 \" >Le Saint-Esprit a \u00e9t\u00e9 promis <\/a><br \/>\n&#8211; 9 &#8211; <a href= \" https:\/\/publication-evangelique.com\/?p=8353 \" >Le Saint-Esprit est donn\u00e9 par\u2026 <\/a><br \/>\n&#8211; 10 &#8211; <a href= \" https:\/\/publication-evangelique.com\/?p=8388 \" >L\u2019action du Saint-Esprit dans la cr\u00e9ation<\/a><br \/>\n&#8211; 11 &#8211; <a href= \" https:\/\/publication-evangelique.com\/?p=8419 \" >Le Saint-Esprit et son action dans l\u2019homme<\/a><br \/>\n&#8211; 12 &#8211; <a href= \" https:\/\/publication-evangelique.com\/?p=8463 \" >Quelle est l\u2019\u0153uvre du Saint-Esprit en celui qui le re\u00e7oit?<\/a><br \/>\n&#8211; 13 &#8211; <a href= \" https:\/\/publication-evangelique.com\/?p=8489 \" >Recevoir le Saint-Esprit pour un changement, un travail \u00e0 long terme!<\/a><br \/>\n&#8211; 14 &#8211; <a href= \" https:\/\/publication-evangelique.com\/?p=8509 \" >Que fait le Saint-Esprit dans le croyant?<\/a><br \/>\n&#8211; 15 &#8211; <a href= \" https:\/\/publication-evangelique.com\/?p=8528 \" >Que fait le Saint-Esprit dans le croyant? &#8211; 2e partie<\/a><br \/>\n&#8211; 16 &#8211; <a href= \" https:\/\/publication-evangelique.com\/?p=8556 \" >Que fait le Saint-Esprit dans le croyant? &#8211; 3e partie<\/a><br \/>\n&#8211; 17 &#8211; <a href= \" https:\/\/publication-evangelique.com\/?p=8578 \" >Le Saint-Esprit, l\u2019enseignant<\/a><br \/>\n&#8211; 18 &#8211; <a href= \" https:\/\/publication-evangelique.com\/?p=8638 \" >J\u00e9sus-Christ baptis\u00e9 dans le Saint-Esprit<\/a><br \/>\n&#8211; 19 &#8211; <a href= \" https:\/\/publication-evangelique.com\/?p=8656 \" >Le Bapt\u00eame du Saint-Esprit, rev\u00eatement de puissance pour les disciples<\/a><br \/>\n&#8211; 20 &#8211; <a href= \" https:\/\/publication-evangelique.com\/?p=8676 \" >La marche par l\u2019Esprit, la lib\u00e9ration<\/a><br \/>\n&#8211; 21 &#8211; <a href= \" https:\/\/publication-evangelique.com\/?p=8700 \" >Prendre garde de lutter contre l\u2019Esprit de Dieu<\/a><br \/>\n&#8211; 22 &#8211; <a href= \" https:\/\/publication-evangelique.com\/?p=8726 \" >Peut-on perdre notre communion avec l\u2019Esprit de Dieu?<\/a><br \/>\n&#8211; 23 &#8211; <a href= \" https:\/\/publication-evangelique.com\/?p=8755 \" >Peut-on \u00eatre priv\u00e9 du Saint-Esprit?<\/a><br \/>\n&#8211; 24 &#8211; <a href= \" https:\/\/publication-evangelique.com\/?p=8789 \" >Comment peut-on \u00eatre renouvel\u00e9 dans la pr\u00e9sence du Saint-Esprit?<\/a><br \/>\n&#8211; 25 &#8211; <a href= \" https:\/\/publication-evangelique.com\/?p=8824 \" >Voici quelques promesses du Saint-Esprit<\/a><br \/>\n&#8211; 26 &#8211; <a href= \" https:\/\/publication-evangelique.com\/?p=8864 \" >Voici quelques promesses du Saint-Esprit &#8211; suite<\/a><br \/>\n&#8211; 27 &#8211; <a href= \" https:\/\/publication-evangelique.com\/?p=9417 \" >Pourquoi faut-il rechercher \u00e0 se maintenir rempli du Saint-Esprit?<\/a><\/p>\n<p>&#8212;&#8212;&#8212;&#8212;&#8212;&#8212;&#8212;&#8212;&#8212;<\/p>\n<p>Produit par: Daniel Poulin<br \/>\n\u00c9dit\u00e9 par: <a title= \" https:\/\/publication-evangelique.com \" href= \" https:\/\/publication-evangelique.com \" target= \" _blank \" >https:\/\/publication-evangelique.com<\/a><\/p>\n<p><strong>Adresse de ce blogue :<\/strong> <a href= \" https:\/\/publication-evangelique.com\/?page_id=1801 \" > https:\/\/publication-evangelique.com\/?page_id=7001<\/a><\/p>\n","protected":false},"excerpt":{"rendered":"<p>Nous allons parler d\u2019un des plus grand myst\u00e8re de la vie, un \u00eatre invisible, inconnu des gens du monde et qui agit depuis le d\u00e9but de la cr\u00e9ation. Il est celui qui agit secr\u00e8tement dans la cr\u00e9ation et dans le <span class=\"excerpt-dots\">&hellip;<\/span> <a class=\"more-link\" href=\"https:\/\/publication-evangelique.com\/?page_id=8042\"><span class=\"more-msg\">Lire la suite &rarr;<\/span><\/a><\/p>\n","protected":false},"author":1,"featured_media":12895,"parent":0,"menu_order":0,"comment_status":"open","ping_status":"open","template":"","meta":{"footnotes":""},"class_list":["post-8042","page","type-page","status-publish","has-post-thumbnail","hentry"],"yoast_head":"<!-- This site is optimized with the Yoast SEO plugin v27.5 - https:\/\/yoast.com\/product\/yoast-seo-wordpress\/ -->\n<title>Le Saint-Esprit - Publication \u00c9vang\u00e9lique<\/title>\n<meta name=\"description\" content=\"Nous allons parler d\u2019un des plus grand myst\u00e8re de la vie, un \u00eatre invisible, inconnu des gens du monde et qui agit depuis le d\u00e9but de la cr\u00e9ation.\" \/>\n<meta name=\"robots\" content=\"index, follow, max-snippet:-1, max-image-preview:large, max-video-preview:-1\" \/>\n<link rel=\"canonical\" href=\"https:\/\/publication-evangelique.com\/?page_id=8042\" \/>\n<meta property=\"og:locale\" content=\"fr_FR\" \/>\n<meta property=\"og:type\" content=\"article\" \/>\n<meta property=\"og:title\" content=\"Le Saint-Esprit - Publication \u00c9vang\u00e9lique\" \/>\n<meta property=\"og:description\" content=\"Nous allons parler d\u2019un des plus grand myst\u00e8re de la vie, un \u00eatre invisible, inconnu des gens du monde et qui agit depuis le d\u00e9but de la cr\u00e9ation.\" \/>\n<meta property=\"og:url\" content=\"https:\/\/publication-evangelique.com\/?page_id=8042\" \/>\n<meta property=\"og:site_name\" content=\"Publication \u00c9vang\u00e9lique\" \/>\n<meta property=\"article:publisher\" content=\"https:\/\/www.facebook.com\/danielpoulin75\" \/>\n<meta property=\"article:modified_time\" content=\"2017-08-08T18:31:38+00:00\" \/>\n<meta property=\"og:image\" content=\"https:\/\/publication-evangelique.com\/wp-content\/uploads\/1098.jpg\" \/>\n\t<meta property=\"og:image:width\" content=\"1280\" \/>\n\t<meta property=\"og:image:height\" content=\"959\" \/>\n\t<meta property=\"og:image:type\" content=\"image\/jpeg\" \/>\n<meta name=\"twitter:label1\" content=\"Dur\u00e9e de lecture estim\u00e9e\" \/>\n\t<meta name=\"twitter:data1\" content=\"2 minutes\" \/>\n<script type=\"application\/ld+json\" class=\"yoast-schema-graph\">{\"@context\":\"https:\\\/\\\/schema.org\",\"@graph\":[{\"@type\":\"WebPage\",\"@id\":\"https:\\\/\\\/publication-evangelique.com\\\/?page_id=8042\",\"url\":\"https:\\\/\\\/publication-evangelique.com\\\/?page_id=8042\",\"name\":\"Le Saint-Esprit - Publication \u00c9vang\u00e9lique\",\"isPartOf\":{\"@id\":\"https:\\\/\\\/publication-evangelique.com\\\/#website\"},\"primaryImageOfPage\":{\"@id\":\"https:\\\/\\\/publication-evangelique.com\\\/?page_id=8042#primaryimage\"},\"image\":{\"@id\":\"https:\\\/\\\/publication-evangelique.com\\\/?page_id=8042#primaryimage\"},\"thumbnailUrl\":\"https:\\\/\\\/publication-evangelique.com\\\/wp-content\\\/uploads\\\/1098.jpg\",\"datePublished\":\"2013-01-31T15:13:56+00:00\",\"dateModified\":\"2017-08-08T18:31:38+00:00\",\"description\":\"Nous allons parler d\u2019un des plus grand myst\u00e8re de la vie, un \u00eatre invisible, inconnu des gens du monde et qui agit depuis le d\u00e9but de la cr\u00e9ation.\",\"breadcrumb\":{\"@id\":\"https:\\\/\\\/publication-evangelique.com\\\/?page_id=8042#breadcrumb\"},\"inLanguage\":\"fr-FR\",\"potentialAction\":[{\"@type\":\"ReadAction\",\"target\":[\"https:\\\/\\\/publication-evangelique.com\\\/?page_id=8042\"]}]},{\"@type\":\"ImageObject\",\"inLanguage\":\"fr-FR\",\"@id\":\"https:\\\/\\\/publication-evangelique.com\\\/?page_id=8042#primaryimage\",\"url\":\"https:\\\/\\\/publication-evangelique.com\\\/wp-content\\\/uploads\\\/1098.jpg\",\"contentUrl\":\"https:\\\/\\\/publication-evangelique.com\\\/wp-content\\\/uploads\\\/1098.jpg\",\"width\":1280,\"height\":959},{\"@type\":\"BreadcrumbList\",\"@id\":\"https:\\\/\\\/publication-evangelique.com\\\/?page_id=8042#breadcrumb\",\"itemListElement\":[{\"@type\":\"ListItem\",\"position\":1,\"name\":\"Accueil\",\"item\":\"https:\\\/\\\/publication-evangelique.com\\\/\"},{\"@type\":\"ListItem\",\"position\":2,\"name\":\"Le Saint-Esprit\"}]},{\"@type\":\"WebSite\",\"@id\":\"https:\\\/\\\/publication-evangelique.com\\\/#website\",\"url\":\"https:\\\/\\\/publication-evangelique.com\\\/\",\"name\":\"Daniel Poulin - publication-evangelique.com\",\"description\":\"Daniel Poulin\",\"publisher\":{\"@id\":\"https:\\\/\\\/publication-evangelique.com\\\/#\\\/schema\\\/person\\\/a7aa86223ca614c8c1a737d18c95460c\"},\"potentialAction\":[{\"@type\":\"SearchAction\",\"target\":{\"@type\":\"EntryPoint\",\"urlTemplate\":\"https:\\\/\\\/publication-evangelique.com\\\/?s={search_term_string}\"},\"query-input\":{\"@type\":\"PropertyValueSpecification\",\"valueRequired\":true,\"valueName\":\"search_term_string\"}}],\"inLanguage\":\"fr-FR\"},{\"@type\":[\"Person\",\"Organization\"],\"@id\":\"https:\\\/\\\/publication-evangelique.com\\\/#\\\/schema\\\/person\\\/a7aa86223ca614c8c1a737d18c95460c\",\"name\":\"Daniel Poulin\",\"image\":{\"@type\":\"ImageObject\",\"inLanguage\":\"fr-FR\",\"@id\":\"https:\\\/\\\/publication-evangelique.com\\\/wp-content\\\/uploads\\\/daniel5-1.jpg\",\"url\":\"https:\\\/\\\/publication-evangelique.com\\\/wp-content\\\/uploads\\\/daniel5-1.jpg\",\"contentUrl\":\"https:\\\/\\\/publication-evangelique.com\\\/wp-content\\\/uploads\\\/daniel5-1.jpg\",\"width\":833,\"height\":969,\"caption\":\"Daniel Poulin\"},\"logo\":{\"@id\":\"https:\\\/\\\/publication-evangelique.com\\\/wp-content\\\/uploads\\\/daniel5-1.jpg\"},\"description\":\"Bonjour, ici Daniel Poulin! Je suis un chr\u00e9tien n\u00e9 de nouveau depuis 1980, ayant parcouru un cheminement avec le Seigneur J\u00e9sus-Christ, j'ai construit ce site afin de partager mes connaissances de la parole de Dieu \\\" La Bible \\\" Je travaille aussi au d\u00e9veloppement de la station de radio chr\u00e9tienne fran\u00e7aise \u00e0 Montr\u00e9al, \\\" La Radio Gospel \\\" que vous pouvez voir ici http:\\\/\\\/laradiogospel.ca Je fr\u00e9quente aussi une \u00e9glise, dont je pr\u00eache et j\u2019enseigne la parole de Dieu. La communaut\u00e9 \u00c9vang\u00e9lique de l'Agneau \\\" , voici l'adresse, http:\\\/\\\/communauteevangelique.ca\\\/\",\"sameAs\":[\"https:\\\/\\\/publication-evangelique.com\",\"https:\\\/\\\/www.facebook.com\\\/danielpoulin75\",\"https:\\\/\\\/www.linkedin.com\\\/in\\\/daniel-poulin-64614745\\\/\",\"https:\\\/\\\/x.com\\\/https:\\\/\\\/twitter.com\\\/Daniel_Poulin\",\"https:\\\/\\\/www.youtube.com\\\/user\\\/danielpoulin75\\\/videos\"]}]}<\/script>\n<!-- \/ Yoast SEO plugin. -->","yoast_head_json":{"title":"Le Saint-Esprit - Publication \u00c9vang\u00e9lique","description":"Nous allons parler d\u2019un des plus grand myst\u00e8re de la vie, un \u00eatre invisible, inconnu des gens du monde et qui agit depuis le d\u00e9but de la cr\u00e9ation.","robots":{"index":"index","follow":"follow","max-snippet":"max-snippet:-1","max-image-preview":"max-image-preview:large","max-video-preview":"max-video-preview:-1"},"canonical":"https:\/\/publication-evangelique.com\/?page_id=8042","og_locale":"fr_FR","og_type":"article","og_title":"Le Saint-Esprit - Publication \u00c9vang\u00e9lique","og_description":"Nous allons parler d\u2019un des plus grand myst\u00e8re de la vie, un \u00eatre invisible, inconnu des gens du monde et qui agit depuis le d\u00e9but de la cr\u00e9ation.","og_url":"https:\/\/publication-evangelique.com\/?page_id=8042","og_site_name":"Publication \u00c9vang\u00e9lique","article_publisher":"https:\/\/www.facebook.com\/danielpoulin75","article_modified_time":"2017-08-08T18:31:38+00:00","og_image":[{"width":1280,"height":959,"url":"https:\/\/publication-evangelique.com\/wp-content\/uploads\/1098.jpg","type":"image\/jpeg"}],"twitter_misc":{"Dur\u00e9e de lecture estim\u00e9e":"2 minutes"},"schema":{"@context":"https:\/\/schema.org","@graph":[{"@type":"WebPage","@id":"https:\/\/publication-evangelique.com\/?page_id=8042","url":"https:\/\/publication-evangelique.com\/?page_id=8042","name":"Le Saint-Esprit - Publication \u00c9vang\u00e9lique","isPartOf":{"@id":"https:\/\/publication-evangelique.com\/#website"},"primaryImageOfPage":{"@id":"https:\/\/publication-evangelique.com\/?page_id=8042#primaryimage"},"image":{"@id":"https:\/\/publication-evangelique.com\/?page_id=8042#primaryimage"},"thumbnailUrl":"https:\/\/publication-evangelique.com\/wp-content\/uploads\/1098.jpg","datePublished":"2013-01-31T15:13:56+00:00","dateModified":"2017-08-08T18:31:38+00:00","description":"Nous allons parler d\u2019un des plus grand myst\u00e8re de la vie, un \u00eatre invisible, inconnu des gens du monde et qui agit depuis le d\u00e9but de la cr\u00e9ation.","breadcrumb":{"@id":"https:\/\/publication-evangelique.com\/?page_id=8042#breadcrumb"},"inLanguage":"fr-FR","potentialAction":[{"@type":"ReadAction","target":["https:\/\/publication-evangelique.com\/?page_id=8042"]}]},{"@type":"ImageObject","inLanguage":"fr-FR","@id":"https:\/\/publication-evangelique.com\/?page_id=8042#primaryimage","url":"https:\/\/publication-evangelique.com\/wp-content\/uploads\/1098.jpg","contentUrl":"https:\/\/publication-evangelique.com\/wp-content\/uploads\/1098.jpg","width":1280,"height":959},{"@type":"BreadcrumbList","@id":"https:\/\/publication-evangelique.com\/?page_id=8042#breadcrumb","itemListElement":[{"@type":"ListItem","position":1,"name":"Accueil","item":"https:\/\/publication-evangelique.com\/"},{"@type":"ListItem","position":2,"name":"Le Saint-Esprit"}]},{"@type":"WebSite","@id":"https:\/\/publication-evangelique.com\/#website","url":"https:\/\/publication-evangelique.com\/","name":"Daniel Poulin - publication-evangelique.com","description":"Daniel Poulin","publisher":{"@id":"https:\/\/publication-evangelique.com\/#\/schema\/person\/a7aa86223ca614c8c1a737d18c95460c"},"potentialAction":[{"@type":"SearchAction","target":{"@type":"EntryPoint","urlTemplate":"https:\/\/publication-evangelique.com\/?s={search_term_string}"},"query-input":{"@type":"PropertyValueSpecification","valueRequired":true,"valueName":"search_term_string"}}],"inLanguage":"fr-FR"},{"@type":["Person","Organization"],"@id":"https:\/\/publication-evangelique.com\/#\/schema\/person\/a7aa86223ca614c8c1a737d18c95460c","name":"Daniel Poulin","image":{"@type":"ImageObject","inLanguage":"fr-FR","@id":"https:\/\/publication-evangelique.com\/wp-content\/uploads\/daniel5-1.jpg","url":"https:\/\/publication-evangelique.com\/wp-content\/uploads\/daniel5-1.jpg","contentUrl":"https:\/\/publication-evangelique.com\/wp-content\/uploads\/daniel5-1.jpg","width":833,"height":969,"caption":"Daniel Poulin"},"logo":{"@id":"https:\/\/publication-evangelique.com\/wp-content\/uploads\/daniel5-1.jpg"},"description":"Bonjour, ici Daniel Poulin! Je suis un chr\u00e9tien n\u00e9 de nouveau depuis 1980, ayant parcouru un cheminement avec le Seigneur J\u00e9sus-Christ, j'ai construit ce site afin de partager mes connaissances de la parole de Dieu \" La Bible \" Je travaille aussi au d\u00e9veloppement de la station de radio chr\u00e9tienne fran\u00e7aise \u00e0 Montr\u00e9al, \" La Radio Gospel \" que vous pouvez voir ici http:\/\/laradiogospel.ca Je fr\u00e9quente aussi une \u00e9glise, dont je pr\u00eache et j\u2019enseigne la parole de Dieu. La communaut\u00e9 \u00c9vang\u00e9lique de l'Agneau \" , voici l'adresse, http:\/\/communauteevangelique.ca\/","sameAs":["https:\/\/publication-evangelique.com","https:\/\/www.facebook.com\/danielpoulin75","https:\/\/www.linkedin.com\/in\/daniel-poulin-64614745\/","https:\/\/x.com\/https:\/\/twitter.com\/Daniel_Poulin","https:\/\/www.youtube.com\/user\/danielpoulin75\/videos"]}]}},"_links":{"self":[{"href":"https:\/\/publication-evangelique.com\/index.php?rest_route=\/wp\/v2\/pages\/8042","targetHints":{"allow":["GET"]}}],"collection":[{"href":"https:\/\/publication-evangelique.com\/index.php?rest_route=\/wp\/v2\/pages"}],"about":[{"href":"https:\/\/publication-evangelique.com\/index.php?rest_route=\/wp\/v2\/types\/page"}],"author":[{"embeddable":true,"href":"https:\/\/publication-evangelique.com\/index.php?rest_route=\/wp\/v2\/users\/1"}],"replies":[{"embeddable":true,"href":"https:\/\/publication-evangelique.com\/index.php?rest_route=%2Fwp%2Fv2%2Fcomments&post=8042"}],"version-history":[{"count":0,"href":"https:\/\/publication-evangelique.com\/index.php?rest_route=\/wp\/v2\/pages\/8042\/revisions"}],"wp:featuredmedia":[{"embeddable":true,"href":"https:\/\/publication-evangelique.com\/index.php?rest_route=\/wp\/v2\/media\/12895"}],"wp:attachment":[{"href":"https:\/\/publication-evangelique.com\/index.php?rest_route=%2Fwp%2Fv2%2Fmedia&parent=8042"}],"curies":[{"name":"wp","href":"https:\/\/api.w.org\/{rel}","templated":true}]}}